eatest common divisor of 41531 and 251629?
2443
Calculate the greatest common divisor of 2 and 146486.
2
What is the highest common factor of 58 and 1572090?
58
What is the highest common divisor of 3393 and 1458?
9
What is the greatest common divisor of 2220 and 27270?
30
Calculate the highest common divisor of 2230 and 6021.
223
Calculate the highest common factor of 169137 and 792.
9
What is the greatest common divisor of 57540 and 26670?
210
What is the greatest common divisor of 2 and 54895?
1
Calculate the greatest common divisor of 4290 and 33670.
130
What is the greatest common factor of 4164 and 844251?
1041
Calculate the highest common factor of 284 and 48706.
142
What is the greatest common factor of 28710 and 2211?
33
Calculate the greatest common factor of 380 and 269230.
190
Calculate the greatest common divisor of 18655 and 819.
91
What is the highest common factor of 1720 and 181976?
344
Calculate the highest common divisor of 22734 and 162.
54
What is the highest common factor of 67676 and 112?
28
What is the greatest common divisor of 1162 and 802361?
581
Calculate the greatest common factor of 20628 and 1431.
27
Calculate the greatest common divisor of 2792 and 146929.
349
Calculate the greatest common divisor of 233595 and 1035.
45
What is the greatest common divisor of 27649 and 2709?
43
What is the greatest common divisor of 2080 and 46720?
160
What is the greatest common divisor of 12012 and 2457?
273
Calculate the greatest common factor of 112 and 51814.
14
Calculate the greatest common divisor of 324 and 322632.
36
Calculate the greatest common divisor of 5732307 and 63.
63
What is the highest common factor of 516 and 1161?
129
What is the highest common divisor of 8294 and 6292?
286
What is the highest common divisor of 15505 and 35?
35
What is the highest common factor of 5 and 8671?
1
Calculate the greatest common divisor of 86916 and 12.
12
What is the greatest common divisor of 622 and 224542?
622
What is the greatest common divisor of 18970975 and 1150?
575
Calculate the highest common divisor of 265136 and 15184.
1168
What is the highest common factor of 6138 and 2574?
198
Calculate the greatest common divisor of 11 and 23441.
11
Calculate the greatest common factor of 8980 and 1780.
20
What is the greatest common divisor of 3639678 and 14?
14
What is the greatest common factor of 425 and 417775?
425
Calculate the highest common factor of 1853 and 95693.
17
Calculate the greatest common factor of 8 and 63944.
8
Calculate the highest common divisor of 17 and 5451509.
17
What is the greatest common factor of 40 and 3720?
40
Calculate the greatest common factor of 82 and 134357.
41
What is the highest common factor of 8172 and 78?
6
Calculate the highest common divisor of 71 and 280166.
71
What is the greatest common factor of 12 and 73050?
6
Calculate the highest common divisor of 29 and 1377413.
29
What is the highest common factor of 210 and 240480?
30
What is the greatest common factor of 179542 and 11?
11
Calculate the greatest common factor of 4355 and 260.
65
Calculate the highest common factor of 50 and 22150.
50
Calculate the greatest common divisor of 34 and 124406.
34
What is the greatest common divisor of 68695 and 1760?
55
What is the highest common factor of 3483 and 1169514?
387
Calculate the highest common factor of 1625 and 26.
13
Calculate the highest common factor of 80910 and 1590.
30
Calculate the greatest common factor of 4196 and 4.
4
Calculate the greatest common divisor of 465652 and 3762.
418
Calculate the highest common factor of 2525276 and 52.
52
What is the greatest common factor of 125 and 254?
1
What is the highest common divisor of 10179 and 129311?
377
Calculate the greatest common divisor of 1790 and 3759.
179
Calculate the greatest common factor of 115 and 278645.
115
What is the greatest common divisor of 73 and 432671?
73
What is the highest common factor of 125 and 54700?
25
What is the greatest common factor of 464 and 200912?
464
Calculate the highest common factor of 308 and 29904.
28
What is the greatest common divisor of 13152 and 192?
96
Calculate the greatest common factor of 1239 and 147795.
177
Calculate the highest common divisor of 163 and 164467.
163
What is the greatest common factor of 84102 and 1926?
642
Calculate the greatest common divisor of 31 and 3873481.
31
What is the greatest common divisor of 1568 and 9296?
112
Calculate the highest common factor of 165567 and 2651.
241
What is the greatest common factor of 1962 and 176907?
327
Calculate the greatest common divisor of 2607 and 72759.
237
Calculate the highest common divisor of 42 and 2934078.
42
What is the greatest common factor of 440 and 508080?
40
What is the greatest common factor of 4650 and 10950?
150
Calculate the highest common divisor of 7844 and 4293.
53
Calculate the highest common divisor of 98604 and 88.
44
What is the greatest common divisor of 12 and 229884?
12
What is the greatest common divisor of 402 and 17382?
6
Calculate the greatest common factor of 237 and 1731.
3
What is the greatest common factor of 3903175 and 100?
25
Calculate the highest common factor of 31289 and 3736.
467
Calculate the greatest common divisor of 17036 and 32.
4
Calculate the greatest common factor of 153 and 243.
9
What is the highest common factor of 25210 and 320?
10
Calculate the greatest common divisor of 42345 and 45.
45
What is the greatest common factor of 3570100 and 200?
100
Calculate the greatest common factor of 15330 and 220460.
730
What is the greatest common divisor of 848244 and 24?
12
Calculate the highest common divisor of 2891402 and 222.
74
Calculate the greatest common factor of 188 and 107395.
47
Calculate the greatest common divisor of 100 and 33100.
100
Calculate the greatest common factor of 21431 and 29.
29
Calculate the greatest common factor of 5860 and 910.
10
What is the highest common divisor of 536 and 11400?
8
Calculate the highest common factor of 142485 and 138.
69
Calculate the highest common factor of 279040 and 545.
545
Calculate the highest common factor of 587169 and 33.
33
Calculate the greatest common divisor of 31416 and 1836.
204
What is the greatest common divisor of 69875 and 34099?
559
What is the greatest common divisor of 11774 and 588?
14
Calculate the highest common factor of 562976 and 6424.
584
What is the greatest common divisor of 648 and 399?
3
What is the highest common divisor of 3515 and 1245?
5
Calculate the highest common factor of 671697 and 65.
13
Calculate the greatest common divisor of 42832 and 40.
8
What is the greatest common factor of 172 and 697288?
172
What is the highest common factor of 21093 and 3397?
79
What is the greatest common divisor of 680375 and 125?
125
What is the greatest common factor of 1250044 and 18972?
2108
Calculate the greatest common divisor of 378 and 192744.
18
Calculate the highest common divisor of 1750830 and 714.
102
What is the highest common divisor of 469726 and 4?
2
Calculate the highest common divisor of 187 and 119.
17
Calculate the greatest common divisor of 1784 and 28008.
8
Calculate the greatest common divisor of 400 and 18100.
100
What is the highest common divisor of 5104 and 4176?
464
What is the greatest common factor of 32474 and 182?
26
Calculate the highest common divisor of 8040 and 240.
120
Calculate the greatest common factor of 82500 and 495.
165
Calculate the highest common divisor of 1076775 and 2637.
879
Calculate the greatest common factor of 45518 and 66.
22
Calculate the greatest common divisor of 23133 and 33.
33
Calculate the greatest common divisor of 324 and 49419.
9
Calculate the highest common factor of 127596 and 558.
186
What is the greatest common divisor of 21 and 959?
7
What is the highest common factor of 41 and 3775403?
41
What is the highest common divisor of 3 and 229920?
3
Calculate the greatest common divisor of 44744 and 376.
376
What is the greatest common divisor of 3591 and 3717?
63
What is the greatest common divisor of 2570016 and 19?
19
What is the greatest common divisor of 1005 and 56883?
201
What is the highest common factor of 68 and 9308?
4
What is the highest common divisor of 1599 and 911307?
123
Calculate the highest common divisor of 28126 and 123